 o + 6. Let b be r(l). Suppose 0 = -b*a + 4*a - 84. List the prime factors of a.
3, 7
Suppose 4*o = 5*i - 682, -4*i - 5*o + o + 560 = 0. Suppose -n = -4*x - 0*n + i, x - n - 33 = 0. What are the prime factors of x?
5, 7
Suppose -2*f - 8 = 0, 3*x + x - 4*f = 24. Let v be x + -1*(-1 + 1). Suppose 4*l - 40 = -2*a, -2*l + 26 = v*a - 4. List the prime factors of a.
2, 5
What are the prime factors of (3/5)/((-1)/(-25))?
3, 5
Let z(m) = 4*m**3 - m**2 - 5*m + 3. What are the prime factors of z(3)?
3, 29
Suppose f = 11 - 3. List the prime factors of f.
2
Let b = 187 + 37. List the prime factors of b.
2, 7
Let x(a) = -a**3 - 8*a**2 - a - 11. Let w(b) = -b**3 - 8*b**2 - 11. Let n(y) = -2*w(y) + 3*x(y). List the prime factors of n(-8).
13
Let u = 587 - 331. What are the prime factors of u?
2
Let m = 13 - 11. Suppose 18 = 5*h - m*r, -4*h + 3*r = -14 - 6. Suppose 4*a - 90 = -h*s, 0 = a - 0*s - 4*s - 27. List the prime factors of a.
23
Suppose 15 = 3*r - 24. Let g = 31 + r. Suppose g = 5*x - 3*t, -4*x + 3*x + 10 = -t. List the prime factors of x.
7
Let b(w) = -7*w. Let a be b(-5). Suppose 0 = 5*u + 5*k + a, -33 = 4*u + u + 3*k. Let c = u - -15. List the prime factors of c.
3
Let f = -4 + 6. Let j be -1*-2*(-1 + f). Suppose j*i - 11 = -1. What are the prime factors of i?
5
Suppose 38 + 14 = 4*q. Suppose q = 2*u - 3*w, -5*u - w = -6*w - 35. List the prime factors of u.
2
Suppose -6*x = -2*x - 60. Suppose 2*y - 44 = -0*b - 2*b, -25 = -b - 4*y. Let c = b - x. What are the prime factors of c?
2, 3
Let c(a) = -a**3 + 3*a**2 - a. Let w be c(3). What are the prime factors of 19/6 - w/(-18)?
3
Let m(u) = 4*u**2 + 4*u + 6. Let c be m(-3). Let n = c - -1. What are the prime factors of n?
31
What are the prime factors of (-6)/4*(-136)/12?
17
Let z(l) = -2*l**3 - 5*l**2 + 11*l + 7. List the prime factors of z(-5).
7, 11
Let v(k) be the first derivative of 3*k**4/4 - k**3/3 - k**2 + k - 2. List the prime factors of v(2).
17
Suppose 0 = -0*z + z. Suppose -b + z = -16. Suppose -x + 0*s + 2*s + b = 0, -x - s + 1 = 0. List the prime factors of x.
2, 3
Let d(f) = 30*f + 2. Let b be d(2). Let n = -41 + b. List the prime factors of n.
3, 7
Suppose -2*l = 5 + 3. Suppose 4*m = 5*q - 13 + 170, 4*m - 2*q - 154 = 0. List the prime factors of m/14 + l/(-14).
3
Suppose 3192 = -8*h + 22*h. List the prime factors of h.
2, 3, 19
What are the prime factors of (-2)/(-6) + (-3016)/(-78)?
3, 13
What are the prime factors of -57*1/(-6)*2?
19
Let h = -17 - -38. What are the prime factors of h?
3, 7
Suppose -2*x = -s + 46, 4*s - 2*s = -5*x + 65. Let b be 1/2*-2*-4. Suppose 5*n - 4*g = s, b*g + 21 = 4*n - 11. What are the prime factors of n?
2
Suppose 0 = x - 0*x - 11. List the prime factors of x*(-3 - -2 - -2).
11
Let s be 4/(-10) - 47/(-5). Let p = s + -6. List the prime factors of p.
3
Let x = -21 - -37. What are the prime factors of x?
2
Suppose -10 = -2*l + 6. Let s be 0 - ((-3)/(-3) - l). What are the prime factors of (s/(14/12))/2?
3
Let v(s) = s**2 - 6*s + 3*s**2 - 3*s**2 + 1. Let m be v(6). Suppose h - m - 2 = 0. List the prime factors of h.
3
Let v(h) = h**3 + 15*h**2 + 13*h + 3. List the prime factors of v(-6).
3, 83
Suppose -2*d + 8 = h, 3*d + 0*h + 2*h - 14 = 0. What are the prime factors of 33/1 - (3 - d)?
2
Suppose -j - 2*s = -62, 4*s + 51 = 2*j - 41. Suppose m = -4*g + j, 2*m = -3 - 1. What are the prime factors of 164/14 - (-4)/g?
2, 3
Let k(a) = -1. Let i(c) = 3*c**2 - 12. Let l(g) = -2*i(g) + 22*k(g). Let w be l(2). Let q = -5 - w. What are the prime factors of q?
17
What are the prime factors of 4075/10*4/5?
2, 163
Suppose 0 = 3*b - 6*b + 15. Suppose b*o = -0*o - 20. What are the prime factors of 1 - (o/(-2) - 3)?
2
Let s(c) = -c**2 - 14*c + 18. Let v = -10 - 4. List the prime factors of s(v).
2, 3
Let x(i) = -i**2 - 8*i - 4. List the prime factors of x(-7).
3
Suppose -9 - 3 = -2*j. List the prime factors of 33/j*(-5 + 7).
11
What are the prime factors of 6/(-2) + -4*59/(-4)?
2, 7
Let y be 72/(-7) - (-2)/7. Let o be 4/y - 8/(-20). Suppose o = i - 0*i - 4. What are the prime factors of i?
2
Suppose -z - 38 + 12 = -5*b, -4*z = -4*b + 24. Let i(c) = 4*c - 9. List the prime factors of i(b).
11
Suppose 0 = -5*o - 2*g + 45, 2*o = 4*g + 22 - 4. List the prime factors of o.
3
Let y = -1 - -4. Suppose -2*s = -y*s + 32. Suppose 3*r - 4*b = s, -2*r + 4*b + 0*b = -28. What are the prime factors of r?
2
What are the prime factors of (253/(-39) - 22/(-143))*-9?
3, 19
Let h be 0/(-1 + -1 + 1). Let b(j) be the first derivative of j**4/4 + 9*j - 7. What are the prime factors of b(h)?
3
Let t(c) = -c**2 - 9*c + 4. Let b be t(-9). Let p be 6/b - 6/(-12). Suppose 0 = q - p. What are the prime factors of q?
2
Suppose 4*k + 200 = 6*l - 5*l, l - 235 = -3*k. List the prime factors of l.
2, 5, 11
Let l(s) = 6*s**2 - 4*s + 2. Suppose 3*a + 4*n = -3, 0*a + 3*a + 2*n = -3. Let c be (9/a)/3 + 5. What are the prime factors of l(c)?
2, 3
Suppose -2*y = 6 + 8. Let l(v) = -v**2 - 10*v + 3. Let n be l(y). Suppose 0 = 5*c - 4*i - n, c + c = -i + 20. What are the prime factors of c?
2
Let v(m) = -m**3 + 4*m - 1. Let n be v(-3). What are the prime factors of (0 + -1)*(3 - n)?
11
Let x = 6 + 3. Let k = 19 - x. Let w = k - 5. What are the prime factors of w?
5
Suppose d + 2*o - 31 = 0, -d = -6*d + o + 111. Let k = d + 2. What are the prime factors of k?
5
Let o = 16 - 14. Suppose -2*g - 7*h + o*h = -5, 3*g = -3*h + 21. What are the prime factors of g?
2, 5
Let d(c) = 19*c**3 - c**2 - c + 1. Let i = -7 + 8. What are the prime factors of d(i)?
2, 3
Let l(k) = -k + 3. Let c(a) = a**3 - 4*a**2 - 7*a. Let f be c(5). List the prime factors of l(f).
13
Suppose -4*y - 14 = -g + 4*g, 4*y + 16 = -2*g. Suppose -3*w = -g*b - 0*w - 5, -b + 10 = w. What are the prime factors of b?
5
Let t(w) = w**3 - 3*w**2 - 4*w + 3. Let a be t(4). Suppose 0 = -2*b + 5*r + 41, -4*r + 16 = a*b - 57. What are the prime factors of b?
23
Suppose q + 32 = 2*m, -m = m + 3*q - 24. List the prime factors of m.
3, 5
Let d(z) = 61 - 59 + 3*z**2 - z**2. List the prime factors of d(-3).
2, 5
Let r = 8 - 3. Let j = r + 0. Suppose -j*x = -13 - 7. What are the prime factors of x?
2
What are the prime factors of (1 - 0)/((-8)/(-88))?
11
Suppose 2*o = -o + 15. Suppose -o*c + 17 = 5*d - 2*c, 5*d + 2*c = 18. Suppose -15 = -7*y + d*y. What are the prime factors of y?
5
Let b(j) = -3*j**3 - 3*j + 4*j**2 + 5*j**3 - 3*j**3. Let q be b(2). Suppose -5*w = -3*g + 4, 0*g + q*g - 24 = -2*w. List the prime factors of g.
2
List the prime factors of ((-129)/(-9))/(2/12).
2, 43
Let o(d) = d**2 + 3*d - 3. Suppose h + 2*h - 9 = 0. Suppose 0*m = -2*m - h*b + 13, b = 3. List the prime factors of o(m).
7
Let t be (-16)/(-2)*(-9)/(-18). Suppose t*c = w - 29, -5*c = w - 3*w + 49. What are the prime factors of w?
17
Let k = -7 - -11. Suppose -k*u + 25 = -23. What are the prime factors of u?
2, 3
Let y be 3/2*(-20)/(-3). Let z be (-24)/(-10) + 6/y. Suppose 0 = z*q + 5*w - 4, 0 = 4*w - 0*w + 16. What are the prime factors of q?
2
Let b be 94/8 - 3/(-12). Suppose 3*q - 39 = -b. What are the prime factors of q?
3
Suppose -3*d = -94 + 4. What are the prime factors of d?
2, 3, 5
Let q = -14 - 0. Let n = q + 24. List the prime factors of n.
2, 5
Let f = -2 - -2. Let u = f + 4. List the prime factors of (14/u)/(7/14).
7
Let z be (-42)/15 - (-4)/(-20). Let q = z + 8. Suppose 2*p - 72 = -4*y, 5*p + 91 = 4*y + q. What are the prime factors of y?
19
Let h = -7 + 9. Let y(x) = h*x**2 - 6 - 5*x + 3*x + 3 + 1. List the prime factors of y(3).
2, 5
Suppose 5*w + 70 = 5*p, p + 0*w - 3*w - 18 = 0. List the prime factors of p.
2, 3
Suppose 0 = -3*c + 9*c - 360. What are the prime factors of c?
2, 3, 5
Let i(l) = l - 4. Suppose 5*y + 35 = 5*r, -5*r + 2*r = -5*y - 27. Let a be i(r). Suppose a = 3*s + 9, -4*b - 9 + 50 = s. What are the prime factors of b?
11
Suppose 0 = 4*g - 3*k - 19, 6*k + 17 = 3*g + k. List the prime factors of g/(-3)*(-9)/6.
2
Let f = -132 - -326. What are the prime factors of f?
2, 97
Let w(y) = y**3 + 5*y**2 + 2*y + 2. Let v be 17/(-4) - (-1)/4. What are the prime factors of w(v)?
2, 5
Suppose -5*l + 22 = 2*z + 8, -2*z = l + 2. Let f be -3*(2 - l)/2. Suppose -6 - 3 = -h - f*m, -2*h = 2*m - 14. List the prime factors of h.
2, 3
Suppose -47 = -2*p + 17. What are the prime factors 